s digit of (699/(-6) + 2)*-2?
2
Let b be 1/(3 + (-5)/2). Let j be (-806)/(-18) - (-6)/27. Suppose -g = b*g - j. What is the tens digit of g?
1
Let i = 414 - 140. What is the units digit of i?
4
Suppose 6 = -3*u - 3*s, 2*u - s = -2*s - 2. Suppose -3*a - 2*a + 60 = u. What is the units digit of a?
2
Suppose w - 3*c = 10, w + w + 1 = -c. Let o be 0/2 - w - -25. Suppose 4 + o = 4*i. What is the units digit of i?
7
Suppose 5*y - 82 = 728. What is the hundreds digit of y?
1
Let c(t) = -t**2 + 6 - 3 + 4. Let x be 0 + 1 - (4 - 3). What is the units digit of c(x)?
7
Let d(p) = -p**2 + 1. Let q(g) = -g**2. Let y(u) = 2*d(u) - q(u). Suppose 2 = -3*k + t, k = -3*k - 5*t + 10. What is the units digit of y(k)?
2
Let c(d) = -d**3 + 10*d**2 + 22*d + 19. What is the units digit of c(10)?
9
Let s be 34/6 + (-2)/3. Suppose -s*a = 4*i + 118, 0 = a - 3*a + 3*i - 38. Let q = 39 + a. What is the units digit of q?
7
Let u(p) = -p**3 - 12*p**2 + 36*p - 2. What is the units digit of u(-15)?
3
What is the tens digit of (-2640)/(-27) - 2/(-9)?
9
Let p = 4 - 1. Suppose 3*h - h = 5*m - 6, -9 = -3*h + p*m. Suppose j + 1 = h. What is the units digit of j?
6
Let t = 71 - 6. Suppose -n + 2*c = -2*n + 30, 4*n - 3*c = t. What is the tens digit of n?
2
Let y = 2 + -1. Let f = y + 2. What is the units digit of f?
3
Let c = 172 - 125. What is the tens digit of c?
4
Suppose 0*q = q - 19. Suppose -49 + q = -2*n. Suppose -2*y + n = 4*o - 7, 0 = -3*o - 4*y + 9. What is the units digit of o?
7
Let n(g) be the third derivative of g**5/60 - 3*g**4/8 + g**3/2 + 2*g**2. What is the tens digit of n(11)?
2
Suppose 5 = -x, 0 = -u + 3*u - 2*x - 38. What is the tens digit of u?
1
Let m(q) = -20*q + 1. Let p be m(-1). Suppose 3*t + 3*c + 3 = p, -5*t = -3*c + 10. What is the units digit of t?
1
Let o = 0 + -1. Let j = 2 - o. What is the units digit of j?
3
Suppose 6*y = 2*y + 116. What is the units digit of y?
9
Let h(m) = -6*m + 3*m + 0 + 2*m + 8. What is the units digit of h(7)?
1
Let a(f) = f**3 + 4*f**2 - f - 1. What is the units digit of a(-4)?
3
Suppose -9 + 33 = 4*n. Let j = n + 5. What is the units digit of j?
1
Suppose 13*m - 222 - 220 = 0. What is the tens digit of m?
3
Let t = -43 - -125. What is the units digit of t?
2
Suppose -8*p + 10 = -6*p. Suppose p = -l + 2*l. Let r(h) = -h**2 + 4*h + 7. What is the units digit of r(l)?
2
Let n = 15 - 3. What is the units digit of -10 + n + 4*2?
0
Let h be (-1800)/(-22) - 8/(-44). What is the tens digit of h/3 + 20/30?
2
Suppose -2*z = 1 + 21. Let i = -8 - z. What is the units digit of 8 - (-3 + i)/3?
8
What is the units digit of 4/(-12) + (-380)/(-6)?
3
Let v(p) be the second derivative of -3*p - 7/2*p**2 + 0 + 1/3*p**3. What is the tens digit of v(12)?
1
Suppose 4*y = 46 + 174. Let b = -35 + y. What is the tens digit of b?
2
Suppose 9 = 2*l - 5*i - 21, 5*l = 2*i + 33. Suppose 4*h = l*h - 3. Suppose h*w - 6*w + 21 = 0. What is the units digit of w?
7
Suppose -3*h + 0*h - 3 = 0. What is the units digit of h + 0 - (-31 - 4)?
4
Let d(f) = 2*f**3 + 3*f**2 - f + 3. Let s be d(3). Let u = s - 31. What is the units digit of u?
0
Suppose 13 = -5*n + 3. Let v = n - -6. Let a(g) = -g**2 + 5*g + 2. What is the units digit of a(v)?
6
Let t(s) = 7*s**2 + 2 - 1 + 5 - 8*s - s**3. Let n be t(6). Let x = n - -8. What is the units digit of x?
2
Suppose -77 = 3*z + 5*f, 3*f - 230 = 5*z - 79. Let i = z + 40. What is the units digit of i?
1
What is the tens digit of (3/3)/(3/96)?
3
Suppose -2*l + 105 = -s + 4*s, 4*l + 49 = s. Suppose s = 5*z - 8. What is the units digit of z?
9
Let d(l) = l**2 - l - 12. Let h(u) be the third derivative of u**5/60 - 11*u**3/6 + 2*u**2. Let o(z) = 4*d(z) - 5*h(z). What is the units digit of o(-5)?
2
Let v(a) = a**3 + 7*a**2 - 2*a + 1. What is the tens digit of v(-7)?
1
Suppose -5*m - 77 = -2. What is the units digit of (m/6)/((-1)/2)?
5
Suppose 2*s = 3*i + 567 - 98, -2*i = -4*s + 942. What is the hundreds digit of s?
2
Let n(w) = -w**3 + w**2 + 19. Let d be n(0). Suppose -b + d = -7. What is the tens digit of b?
2
What is the hundreds digit of (-365)/2*(-16)/20?
1
Let x be 88 + -1 - (2 - 0). Suppose -x = -0*o - 5*o. What is the units digit of o?
7
Let p = 2 + -4. Let v(l) = -2*l**2 + 7*l - 5. Let r be v(4). What is the units digit of p + 1 + (-2 - r)?
6
Let j(v) = -v**3 + 5*v**2 - 2*v + 2. Suppose -5*u - 8 = -3*u - 3*o, -o = -u - 2. What is the tens digit of j(u)?
1
Let p(l) = -11*l**3 + 2*l**2 + 2*l + 1. Suppose 4*d = -q - 0 - 1, 2*d = q + 1. Let g be p(q). What is the units digit of 102/g + (-2)/4?
8
What is the units digit of (23/69)/(1/369)?
3
Suppose 4*m - 484 = 4*r, r = 4*m - 2*m - 241. What is the tens digit of m?
2
Let f(m) = -m - 2. Let b(r) = r. Let o(n) = -2*b(n) - f(n). Let l be o(9). What is the units digit of l/21 - (-4)/3?
1
Let s(f) = -8*f**2 - 6 - 2*f**3 + f**3 + 3*f**3 - f**3. Let n be s(8). What is the units digit of -6*4/n + -1?
3
Let t = 101 + -57. What is the tens digit of 1089/t + (-6)/8?
2
Suppose j + 12 = -j. Let c = 6 - j. What is the tens digit of c?
1
Suppose -l + 62 + 4 = 0. What is the units digit of l?
6
Let h(v) = -v**2 - 4*v + 2. Let n(z) = -z**3 + 5*z**2 - 5. Let y be n(5). Let l be h(y). Let t(o) = -o**3 - 3*o**2 - 2*o - 2. What is the units digit of t(l)?
4
Let p(c) = -c**3 + 6*c**2 + 2. Let x be p(6). Suppose -r + 6 = -0*r + 3*t, x*r - 4*t - 42 = 0. What is the units digit of 35/r - 1/3?
2
Let f = -67 - -310. What is the hundreds digit of f?
2
Suppose 0*n = n - 90. Suppose -4*w + 6 = -n. What is the units digit of (4/(-8))/((-2)/w)?
6
Let p(z) be the second derivative of -1/12*z**4 + 5/6*z**3 + 3*z + 3/2*z**2 + 0. What is the units digit of p(4)?
7
Let d be ((-16)/(-10))/((-2)/10). Let t = d + 5. Let b(y) = y**3 + 2*y**2 - 2*y + 4. What is the units digit of b(t)?
1
Suppose 7 = x + 4. Suppose x*u + 3*h = 2*u + 23, -5*h - 55 = -5*u. What is the tens digit of u?
1
Let d be -1 - (1 - 60/3). Suppose 5*c = -x - d, x + x + 11 = -5*c. Suppose -5*i + x = -3. What is the units digit of i?
2
Let k = 13 - 8. Suppose 0*y = -2*y + k*t + 21, -y = -4*t - 18. Let v = 3 - y. What is the units digit of v?
5
Let d(g) be the first derivative of 3 + 1/4*g**4 - 4*g - g**2 + 5/3*g**3. What is the units digit of d(-5)?
6
Suppose 0 = -2*q + 6*q. Suppose q*d + 100 = 2*d. Let a = d - 34. What is the units digit of a?
6
What is the tens digit of 1/(-1 - -2) - (2 + -80)?
7
Suppose -5*i + 333 = -317. What is the units digit of i?
0
Suppose c = 2*c + 3. What is the units digit of 48*(c + (-15)/(-4))?
6
Let u(b) = b + 2. Let n be u(-2). What is the units digit of 9 + (-2 - n/(-2))?
7
Let v(h) = 3*h + 24. What is the units digit of v(-4)?
2
What is the units digit of 5 + -3 + (18 - 1)?
9
Suppose -3 = -f - 1. Suppose w + w = f. What is the units digit of w?
1
Suppose -782 = -5*t - 117. What is the units digit of t?
3
Suppose -r + 27 = -5*s - 2, -4*r - 3*s + 1 = 0. Suppose 2*z + r = 6*z. What is the units digit of z?
1
Suppose -3*u + 4*u - 84 = 0. Suppose -u = -3*z - 5*x, -9 - 3 = -4*x. What is the units digit of z?
3
Let i = 10 + -10. Suppose 7*p - 4*p - 66 = i. Let y = p + -12. What is the tens digit of y?
1
What is the tens digit of (80/(-25))/(1/(-30))?
9
Suppose -3*j + 4*j = 3*r - 9, -r + 4*j - 8 = 0. What is the units digit of 64*(-2)/r*-1?
2
Suppose 3*p = -5*g + 175, -62 = -g + 3*p - 9. What is the units digit of g?
8
Let d(a) = -a**3 - 7*a**2 - 5*a. What is the units digit of d(-9)?
7
Suppose 24 = -n + 5*n. Let b = n + 11. What is the units digit of b?
7
Let x = 116 - 81. What is the units digit of x + -8 + 1/(-1)?
6
Suppose 4*k = 2*t - 0*k - 172, 4*t + k - 389 = 0. What is the tens digit of t?
9
Suppose 4*u = 4*d - 228, 0*d - 173 = -3*d + 2*u. What is the units digit of d?
9
Suppose -6*j + 15 = -j. Suppose 0 = 5*u - 3*u. Suppose -j*t + 24 = q, -2*q + 3 + 3 = u. What is the units digit of t?
7
What is the units digit of (-8)/(-12)*6 + 35 + -1?
8
What is the units digit of (-36)/((8/(-2))/2)?
8
Let z(k) = -k**3 + 26*k**2 + 6*k + 34. What is the units digit of z(26)?
0
Let c(l) be the third derivative of -l**4/24 + 2*l**2. What is the units digit of c(-3)?
3
Let x be (-2)/(-1) - 0/(-1). Suppose 2*c - 17 = -c - x*z, -3*z = -12. Suppose 7 = s - 2*g, 0*g - 6 = -c*s + g. What is the units digit of s?
1
Let y(l) = -3*l**2 - l.